, -2*f = -k*a + 4*a - 448. Let m = -166944 - -166973. Calculate the remainder when a is divided by m.
27
Calculate the remainder when (6 - (-406)/(-70)) + 114/5 is divided by 4.
3
Let f = -83 - -80. Suppose -8*k + 5*k = -474. What is the remainder when k is divided by 24/2*2/f*-4?
30
Let i = 1736 + -1709. Calculate the remainder when 3764 is divided by i.
11
Let m be 6/4*-3*(-8)/18. Let q(j) = m*j - 17 + j**2 - 25 + 35. What is the remainder when 165 is divided by q(5)?
25
Let v(m) = 2*m**2 + 25*m + 72. Let y be v(-17). Calculate the remainder when (-2 + (-14)/(-6))*y is divided by 19.
18
Suppose -3*s - 3*v + 123 = 0, 119 = 3*s - v + 8. Let q = -75 + 80. Let t(i) = i**3 - 5*i**2 + 2*i + 4. Calculate the remainder when s is divided by t(q).
10
Let u(d) = 3*d**2 + 39*d + 1. Let x be u(-12). What is the remainder when 54 is divided by (30/x)/(-2 - 82/(-42))?
0
Suppose -14 = 5*m - 484. Calculate the remainder when 17750/38 + 406/(-3857) is divided by m.
91
Suppose 4*s - 716 - 16 = -4*z, -3*s + 559 = -2*z. What is the remainder when 3884 is divided by s?
184
Suppose 32440 = 42*c + 10684. Calculate the remainder when c is divided by 36.
14
Let o(s) = 6*s + 69. Let u be o(-6). Suppose -6*i = -3*i - u. Calculate the remainder when i is divided by 4.
3
Let b(m) = -25*m - 92. Suppose 2*r = -f - 20, -2*f + 7*f - r + 45 = 0. What is the remainder when b(f) is divided by 23?
20
Let c(w) = -w**3 + 4*w**2 + 12*w - 27. Let g be c(5). Let x be (-1)/((-4)/2*g/32). Calculate the remainder when 24 is divided by x/((-8)/3) + (-295)/(-20).
10
Let j(g) = -32*g - 83. Let m be j(-3). Suppose -14*q + m*q = -20. Calculate the remainder when 85 is divided by q.
5
Let h be ((-810)/75)/(6/140). Let y = -227 - h. Suppose -3*v = 29 - 308. What is the remainder when v is divided by y?
18
Let h = 7 - 66. Let o = 59 + h. Suppose o = -0*t - 4*t + 164. What is the remainder when t is divided by 22?
19
Let y = 506 - 318. Suppose 7*a = y + 29. Suppose 101 = 3*m - a. Calculate the remainder when m is divided by 8.
4
Let z = -21 + 121. Suppose z = -g + 5*g. Calculate the remainder when -9*(-3)/9 - -117 is divided by g.
20
Let w = -1000 - -1046. Let q be (93/(-4))/(-3)*4. Let y = w - q. Calculate the remainder when 29 is divided by y.
14
Suppose -194*u - 65772 = -215*u. What is the remainder when u is divided by 56?
52
Suppose -5*l - 4*m + 16 = 0, 4*l = -l - m + 4. Let f(a) = -a**3 + 2*a**2 + 81. What is the remainder when f(l) is divided by 6?
3
Let l(f) = f. Let g(q) = 2*q**3 - 16*q**2 - 9*q + 6. Let y(d) = g(d) - 5*l(d). What is the remainder when y(9) is divided by 12?
6
Let v = -272 + 276. What is the remainder when ((-1375 - v)/(-7))/((-3)/(-6)) is divided by 36?
34
Let k = 1740 - -1477. What is the remainder when k is divided by 14?
11
Let b = 19066 + -19053. Let f(k) = 12*k**2 - 16. Calculate the remainder when f(-8) is divided by b.
11
Suppose 5*d - 193 = -473*m + 471*m, -5*m + 514 = 2*d. Calculate the remainder when m is divided by 103.
1
Suppose 34*z - 41*z = -1820. Suppose 3*n - 4*y - 395 = 0, 2*n - y = -0*y + z. Suppose -p + 5*p - 48 = 0. Calculate the remainder when n is divided by p.
9
Let h(v) = -105*v - 2192. What is the remainder when 2414 is divided by h(-21)?
9
Calculate the remainder when 146 is divided by (1284/(-60) - -21)/((-2)/190).
32
Let i = -319 + 364. Suppose 33*j = i*j - 312. What is the remainder when ((-97)/3)/(2/(-6)) is divided by j?
19
Suppose 29*n + 25*n = 11*n + 18877. Calculate the remainder when n is divided by 26.
23
Suppose -16*x + 362 = 11*x - 16. What is the remainder when 236 is divided by x?
12
Let p(j) = -63*j**3 - 1132*j**2 - 16*j + 80. Calculate the remainder when p(-18) is divided by 101.
6
Let c = -67 + 63. What is the remainder when 25 is divided by 72/10 + (-8)/(-10) + c?
1
Let t be 0 + (0/(-1) - -2). Let m be 355/(-2)*72/60. Calculate the remainder when m/t*4/(-6) is divided by 12.
11
Suppose 3*u + 162 = 3*p, 333*u = 338*u - 3*p + 262. Let i(g) = g + 383. Let h be i(0). Let o = h + u. What is the remainder when o is divided by 56?
53
Suppose -l - 5*d + 387 = 0, 33*l - 31*l - 5*d - 834 = 0. Suppose 2*x - 7*x + 661 = -2*u, -4*u = 3*x - l. What is the remainder when x is divided by 16?
5
Let w be ((-28)/(-1))/((-14)/6 + 3). Suppose -2*v + 21 - 4 = -h, -20 = -4*v. Let t = w + h. Calculate the remainder when t is divided by 13.
9
Suppose -2*x + 126 - 120 = 0. Suppose 3*l + x*a = 2*a + 718, -2*a + 246 = l. Calculate the remainder when l is divided by 22.
18
Suppose 233 = -3*n + 4*g, -4*n - 348 = -0*n + 4*g. Suppose u = -0*u + 5, -3*f = 2*u + 323. Let j = n - f. Calculate the remainder when 52 is divided by j.
24
Suppose -3*u - 4 + 37 = 0. Calculate the remainder when 30/(-2) - 11475/(-85) is divided by u.
10
Suppose 0 = 65*i - 163*i + 4074 + 36792. What is the remainder when i is divided by 222?
195
Let s(n) = 2*n**3 + 30*n**2 + 12*n + 62. Calculate the remainder when s(-13) is divided by 19.
12
Suppose -6*k + 87 = 3*r - 27, 0 = -2*r - 5*k + 70. What is the remainder when 708 is divided by r?
8
Let w(m) = -m**3 - 3*m**2 - 21*m - 48. Calculate the remainder when 401 is divided by w(-4).
37
Let b(l) = 3*l - 14. Let w be (-2)/9 - (-424)/(-36). Let c be b(w). Let q = c - -62. What is the remainder when 17 is divided by q?
5
Let c(i) = i**3 + 9*i**2 + 31*i + 121. Suppose -2*x = 2*y - 60, 5*x = y + y + 136. What is the remainder when c(-4) is divided by x?
21
Let a(t) = t + 24. Let d be a(-18). Suppose -3*n - 2*b + 74 = -164, -2*n = -3*b - 150. What is the remainder when n is divided by d/(-14) - (-576)/21?
24
Let c be (-4)/(-1)*4/(-16). Let b(o) = -o + 11. Calculate the remainder when (c + -2)/(66/(-440)) is divided by b(0).
9
Suppose -4*o + 5*h = -56878, -h = -0*h + 6. What is the remainder when o is divided by 103?
101
Suppose -128*z = 147*z - 27775. What is the remainder when 483 is divided by z?
79
Let o = 279 - 257. Suppose 0 = -o*l + 26*l - 76. Let j = 20 + -12. What is the remainder when l is divided by j?
3
Let c(g) = 6*g - 22. Let f be c(10). Suppose f*b - 37 = 37*b. Calculate the remainder when 146 is divided by b.
35
Suppose 24 = 14*k - 8*k. Suppose -k*r + 96 = 2*f, 0 = -3*r + f + 13 + 49. What is the remainder when 41 is divided by r?
19
Let w be 70/40 + 3/12. Suppose 0 = -q - w*d + 10, -q = -2*q - 3*d + 8. Calculate the remainder when (71 - -128) + -8 + 1 is divided by q.
10
What is the remainder when 15/40*2676208/102 is divided by 80?
79
Let f(h) = 511*h + 7. What is the remainder when (0 - -39) + (2 - 2) is divided by f(0)?
4
Suppose -18 = -h - 0*h. Suppose -12 = 6*m - 408. Calculate the remainder when h is divided by (m/15 - 4)*15.
0
What is the remainder when 825 is divided by (-235)/(-7 - -6) - (-72)/8?
93
Calculate the remainder when (-3216)/(-3) - (12 + -19) is divided by 36.
35
Let i be (-72)/120*15*1. Let k = -5 + 22. What is the remainder when (11/3)/(26/i + 3) is divided by k?
16
Suppose -24*x + 49 + 23 = 0. Suppose 3*g - x*s = s + 382, 0 = 2*g - s - 253. Calculate the remainder when g is divided by 65.
61
Let x be 31 + (3 - 0) - 4. Suppose x = 6*n - 0*n. Suppose n*s + 2*l - 108 = 0, 0 = 4*s + 9*l - 5*l - 96. Calculate the remainder when s is divided by 6.
2
Let b(k) = -k**2 + 3081*k - 112489. Let c = 120 - 84. What is the remainder when b(37) is divided by c?
31
Suppose 279 = 14*s - 35 + 6. Calculate the remainder when 171 is divided by s.
17
Suppose -3*n = -2*h - h - 21, -4*h = -12. Suppose -4*i + m + 82 = 0, 5*i + n*m = 5*m + 115. What is the remainder when 164 is divided by i?
17
Let r = -445 - -466. Calculate the remainder when 451 is divided by r.
10
Let b(i) = 3*i**2 + 17*i + 12. Let l be b(-5). Let z be 192/2*-1*l/(-3). Let v = 75 - z. Calculate the remainder when v is divided by 3.
2
Let z(m) = m**3 - 134*m**2 - 131*m - 288. Calculate the remainder when z(135) is divided by 30.
12
Let w(i) be the second derivative of i**5/20 - i**4/4 + 4*i**3/3 - 5*i**2/2 + 6*i. Let c = -27 - -49. Calculate the remainder when w(4) is divided by c.
21
Let z(d) = -d**2 + 21*d + 19. Suppose -t - 3 = 5*i - 28, 0 = -2*i + 2. Calculate the remainder when -174*6*8/(-72) is divided by z(t).
38
What is the remainder when (-1 - (3 + -229))*(-40)/(-24) is divided by 48?
39
Let f(b) = 1188*b + 10709. Calculate the remainder when 2670